omposite number?
False
Is 830099 a composite number?
False
Is 31309 a prime number?
False
Is 52853 a composite number?
True
Is 19079 a prime number?
True
Is 488599 prime?
False
Is 61853 a prime number?
False
Is 9803 a prime number?
True
Is 662 prime?
False
Is 10243 a composite number?
False
Is 869203 prime?
True
Is 51451 a prime number?
False
Is 19263 a composite number?
True
Is 69521 a composite number?
True
Is 4327 prime?
True
Is 101189 a prime number?
False
Is 248603 composite?
True
Is 1110679 a prime number?
True
Is 382103 composite?
False
Is 105701 a prime number?
True
Is 79133 a composite number?
False
Is 22189 a prime number?
True
Is 6719 composite?
False
Is 7941 a prime number?
False
Is 18671 prime?
True
Is 8923 a prime number?
True
Is 310601 a composite number?
True
Is 3371 a prime number?
True
Is 21211 a prime number?
True
Is 196331 prime?
True
Is 377893 a composite number?
True
Is 36467 a composite number?
False
Is 5131 a prime number?
False
Is 12323 a prime number?
True
Is 28687 composite?
False
Is 643613 a composite number?
True
Is 29987 a composite number?
True
Is 79703 a prime number?
False
Is 2609 a prime number?
True
Is 268969 composite?
False
Is 4493 a prime number?
True
Is 97873 prime?
False
Is 67 prime?
True
Is 6767 composite?
True
Is 27893 composite?
False
Is 4201 a prime number?
True
Is 213359 composite?
False
Is 1259 a prime number?
True
Is 2533 a composite number?
True
Is 77471 a prime number?
True
Is 64058 a composite number?
True
Is 10723 a composite number?
False
Is 59051 composite?
False
Is 1709 composite?
False
Is 38067 a composite number?
True
Is 410073 a composite number?
True
Is 74597 a composite number?
False
Is 22921 composite?
False
Is 28783 prime?
False
Is 9619 a prime number?
True
Is 176677 composite?
False
Is 326369 a composite number?
False
Is 12067 a composite number?
True
Is 631 a composite number?
False
Is 8413 a prime number?
False
Is 193529 prime?
False
Is 5599 prime?
False
Is 94593 prime?
False
Is 33095 composite?
True
Is 2939 a prime number?
True
Is 23755 a composite number?
True
Is 103627 composite?
True
Is 54921 composite?
True
Is 1541 a prime number?
False
Is 171493 prime?
False
Is 28585 a prime number?
False
Is 49853 a prime number?
True
Is 336397 prime?
True
Is 2861 composite?
False
Is 150269 composite?
True
Is 8203 composite?
True
Is 17093 prime?
True
Is 44011 a prime number?
False
Is 8467 a prime number?
True
Is 5057 a prime number?
False
Is 1717669 a composite number?
False
Is 2773 prime?
False
Is 57446 prime?
False
Is 105649 prime?
True
Is 71663 composite?
False
Is 7249141 composite?
False
Is 19157 prime?
True
Is 13441 a prime number?
True
Is 83647 composite?
True
Is 46037 composite?
True
Is 17957 composite?
False
Is 911623 a prime number?
False
Is 54199 composite?
True
Is 654637 a composite number?
True
Is 2953 composite?
False
Is 3442759 composite?
False
Is 7597 composite?
True
Is 6803 a prime number?
True
Is 1217977 composite?
False
Is 118882 a prime number?
False
Is 2053 a prime number?
True
Is 13567 a prime number?
True
Is 1349 a prime number?
False
Is 845237 composite?
False
Is 1399 a composite number?
False
Is 12147 composite?
True
Is 46955 a composite number?
True
Is 13027 composite?
True
Is 598547 prime?
False
Is 25387 prime?
False
Is 27361 prime?
True
Is 3804011 prime?
True
Is 1350677 prime?
True
Is 98561 composite?
False
Is 151201 a prime number?
True
Is 6613 composite?
True
Is 302269 a prime number?
False
Is 98386 prime?
False
Is 147607 a prime number?
True
Is 204311 a prime number?
True
Is 237979 a prime number?
False
Is 3456301 composite?
False
Is 296029 a composite number?
True
Is 638929 composite?
True
Is 35023 prime?
True
Is 12941 prime?
True
Is 80035 a composite number?
True
Is 63637 prime?
False
Is 256441 composite?
False
Is 422599 a composite number?
True
Is 4594 a prime number?
False
Is 16921 prime?
True
Is 891953 composite?
True
Is 410107 a composite number?
True
Is 34693 prime?
True
Is 553 a composite number?
True
Is 29983 prime?
True
Is 1073 a composite number?
True
Is 90263 a composite number?
False
Is 203549 a composite number?
False
Is 84527 a prime number?
False
Is 2099 a prime number?
True
Is 70429 a prime number?
True
Is 1901 a prime number?
True
Is 2927 a prime number?
True
Is 3406703 prime?
True
Is 192737 a composite number?
False
Is 76597 composite?
False
Is 14377 prime?
False
Is 142483 composite?
True
Is 16699 a prime number?
True
Is 22045 prime?
False
Is 2141023 prime?
False
Is 1821 a composite number?
True
Is 2579 prime?
True
Is 24493 a prime number?
False
Is 54887 composite?
True
Is 1781 composite?
True
Is 11747 a composite number?
True
Is 762701 a prime number?
False
Is 12471 a composite number?
True
Is 2167289 composite?
False
Is 56009 composite?
False
Is 1345 composite?
True
Is 7067 prime?
False
Is 43313 a prime number?
True
Is 18229 composite?
False
Is 371386 prime?
False
Is 583967 prime?
False
Is 7243 a composite number?
False
Is 453 a prime number?
False
Is 14999 a prime number?
False
Is 138121 a composite number?
True
Is 5435 a prime number?
False
Is 164357 a composite number?
False
Is 67909 composite?
True
Is 283793 a composite number?
False
Is 57587 a composite number?
False
Is 1961 composite?
True
Is 345089 prime?
True
Is 5449 prime?
True
Is 1092851 prime?
True
Is 64831 a prime number?
False
Is 153847 a prime number?
False
Is 133241 a composite number?
False
Is 7431 composite?
True
Is 841727 a composite number?
False
Is 2957 a composite number?
False
Is 11851 a prime number?
False
Is 602201 composite?
False
Is 70051 a composite number?
False
Is 157083 composite?
True
Is 9533 composite?
False
Is 6646 composite?
True
Is 599353 a prime number?
True
Is 4183 composite?
True
Is 73561 composite?
False
Is 15161 composite?
False
Is 691 a prime number?
True
Is 28123 a composite number?
False
Is 52433 composite?
False
Is 161897 a composite number?
True
Is 61865 composite?
True
Is 67307 prime?
True
Is 1631483 a composite number?
True
Is 1727 composite?
True
Is 60185 prime?
False
Is 47339 a composite number?
False
Is 4721 a composite number?
False
Is 53647 composite?
True
Is 494023 composite?
False
Is 3149 a composite number?
True
Is 719681 a prime number?
True
Is 36443 a composite number?
True
Is 89261 prime?
True
Is 5105635 prime?
False
Is 15293 a prime number?
False
Is 35943 a composite number?
True
Is 4559 a prime number?
False
Is 9123 prime?
False
Is 15427 a composite number?
False
Is 734153 a composite number?
True
Is 5699 composite?
True
Is 36761 composite?
False
Is 1689377 a prime number?
True
Is 1706059 composite?
True
Is 18215 a prime number?
False
Is 791341 a prime number?
False
Is 1753 prime?
True
Is 8513 a composite number?
False
Is 726589 prime?
True
Is 87739 a prime number?
True
Is 6031 a prime number?
False
Is 13829 a composite number?
False
Is 8923 composite?
False
Is 13607 a composite number?
True
Is 1404419 a prime number?
True
Is 4061 a prime number?
False
Is 85661 composite?
False
Is 593251 a prime number?
True
Is 126393 a composite number?
True
Is 186593 composite?
True
Is 121921 prime?
True
Is 218549 a prime number?
True
Is 32345 composite?
True
Is 162251 a prime number?
True
Is 65497 composite?
False
Is 1081979 prime?
True
Is 14591 a prime number?
True
Is 475787 a composite number?
True
Is 405293 composite?
True
Is 87387 a composite number?
True
Is 15877 a prime number?
True
Is 3433 a prime number?
True
Is 2283 a prime number?
False
Is 9313 a prime number?
False
Is 1247 a prime number?
False
Is 44069 a composite number?
True
Is 4535 a composite number?
True
Is 26762 a composite number?
True
Is 592115 composite?
True
Is 3089215 composite?
True
Is 214 a prime number?
False
Is 7601 prime?
False
Is 2911 a composite number?
True
Is 54533 prime?
False
Is 171403 composite?
False
Is 359 prime?
True
Is 5669 composite?
False
Is 11657 composite?
False
Is 21257 a prime number?
False
Is 64433 a composite number?
False
Is 22013 a composite number?
False
Is 69131 a composite number?
True
Is 74387 composite?
True
Is 3491 a composite number?
False
Is 2047 prime?
False
Is 82883 a prime number?
True
Is 299 a prime number?
False
Is 21011 a prime number?
True
Is 3341 composite?
True
Is 262187 prime?
True
Is 49 prime?
False
Is 36503 prime?
False
Is 